{"id":23,"date":"2019-04-11T12:27:58","date_gmt":"2019-04-11T10:27:58","guid":{"rendered":"http:\/\/www.institutafriquemonde.org\/?page_id=23"},"modified":"2020-03-19T12:52:17","modified_gmt":"2020-03-19T11:52:17","slug":"textes-fondateurs","status":"publish","type":"page","link":"https:\/\/www.institutafriquemonde.org\/index.php\/textes-fondateurs\/","title":{"rendered":"Textes Fondateurs"},"content":{"rendered":"<p>L&rsquo;Institut Afrique Monde est une association de Loi 1901 cr\u00e9\u00e9e le 20 Octobre 2013. Vous trouverez ci-dessous les derniers statuts approuv\u00e9s en assembl\u00e9e g\u00e9n\u00e9rale. Elle est d\u00e9clar\u00e9e \u00e0 la Pr\u00e9fecture de Police sous le num\u00e9ro W751221703.<\/p>\n<p><a href=\"http:\/\/institutafriquemonde.org\/docs\/IAM - Charte.pdf\" target=\"_blank\" rel=\"noreferrer noopener\" aria-label=\"Charte de l'IAM (s\u2019ouvre dans un nouvel onglet)\" data-slimstat=\"3\" data-wplink-url-error=\"true\">Charte de l\u2019IAM<\/a><\/p>\n<p><a href=\"http:\/\/institutafriquemonde.org\/docs\/IAM%20-%20Statuts%202018.pdf\" target=\"_blank\" rel=\"noreferrer noopener\" data-slimstat=\"3\">Statuts de l\u2019IAM<\/a><\/p>\n<p><a href=\"http:\/\/institutafriquemonde.org\/docs\/IAM - R\u00c8GLEMENT INT\u00c9RIEUR.pdf\" target=\"_blank\" rel=\"noopener noreferrer\" data-slimstat=\"3\" data-wplink-url-error=\"true\">R\u00e8glement int\u00e9rieur<\/a><\/p>\n<p>&nbsp;<\/p>\n","protected":false},"excerpt":{"rendered":"<p>L&rsquo;Institut Afrique Monde est une association de Loi 1901 cr\u00e9\u00e9e le 20 Octobre 2013. Vous trouverez ci-dessous les derniers statuts approuv\u00e9s en assembl\u00e9e g\u00e9n\u00e9rale. Elle est d\u00e9clar\u00e9e \u00e0 la Pr\u00e9fecture de Police sous le num\u00e9ro W751221703. Charte de l\u2019IAM Statuts de l\u2019IAM R\u00e8glement int\u00e9rieur &nbsp;<\/p>\n","protected":false},"author":1,"featured_media":0,"parent":0,"menu_order":0,"comment_status":"closed","ping_status":"closed","template":"","meta":{"ngg_post_thumbnail":0,"footnotes":""},"class_list":["post-23","page","type-page","status-publish","hentry","post"],"yoast_head":"<!-- This site is optimized with the Yoast SEO plugin v26.1.1 - https:\/\/yoast.com\/wordpress\/plugins\/seo\/ -->\n<title>Textes Fondateurs - Institut Afrique Monde<\/title>\n<meta name=\"robots\" content=\"index, follow, max-snippet:-1, max-image-preview:large, max-video-preview:-1\" \/>\n<link rel=\"canonical\" href=\"https:\/\/www.institutafriquemonde.org\/index.php\/textes-fondateurs\/\" \/>\n<meta property=\"og:locale\" content=\"fr_FR\" \/>\n<meta property=\"og:type\" content=\"article\" \/>\n<meta property=\"og:title\" content=\"Textes Fondateurs - Institut Afrique Monde\" \/>\n<meta property=\"og:description\" content=\"L&rsquo;Institut Afrique Monde est une association de Loi 1901 cr\u00e9\u00e9e le 20 Octobre 2013. Vous trouverez ci-dessous les derniers statuts approuv\u00e9s en assembl\u00e9e g\u00e9n\u00e9rale. Elle est d\u00e9clar\u00e9e \u00e0 la Pr\u00e9fecture de Police sous le num\u00e9ro W751221703. Charte de l\u2019IAM Statuts de l\u2019IAM R\u00e8glement int\u00e9rieur &nbsp;\" \/>\n<meta property=\"og:url\" content=\"https:\/\/www.institutafriquemonde.org\/index.php\/textes-fondateurs\/\" \/>\n<meta property=\"og:site_name\" content=\"Institut Afrique Monde\" \/>\n<meta property=\"article:modified_time\" content=\"2020-03-19T11:52:17+00:00\" \/>\n<meta name=\"twitter:card\" content=\"summary_large_image\" \/>\n<script type=\"application\/ld+json\" class=\"yoast-schema-graph\">{\"@context\":\"https:\/\/schema.org\",\"@graph\":[{\"@type\":\"WebPage\",\"@id\":\"https:\/\/www.institutafriquemonde.org\/index.php\/textes-fondateurs\/\",\"url\":\"https:\/\/www.institutafriquemonde.org\/index.php\/textes-fondateurs\/\",\"name\":\"Textes Fondateurs - Institut Afrique Monde\",\"isPartOf\":{\"@id\":\"https:\/\/www.institutafriquemonde.org\/#website\"},\"datePublished\":\"2019-04-11T10:27:58+00:00\",\"dateModified\":\"2020-03-19T11:52:17+00:00\",\"breadcrumb\":{\"@id\":\"https:\/\/www.institutafriquemonde.org\/index.php\/textes-fondateurs\/#breadcrumb\"},\"inLanguage\":\"fr-FR\",\"potentialAction\":[{\"@type\":\"ReadAction\",\"target\":[\"https:\/\/www.institutafriquemonde.org\/index.php\/textes-fondateurs\/\"]}]},{\"@type\":\"BreadcrumbList\",\"@id\":\"https:\/\/www.institutafriquemonde.org\/index.php\/textes-fondateurs\/#breadcrumb\",\"itemListElement\":[{\"@type\":\"ListItem\",\"position\":1,\"name\":\"Accueil\",\"item\":\"https:\/\/www.institutafriquemonde.org\/\"},{\"@type\":\"ListItem\",\"position\":2,\"name\":\"Textes Fondateurs\"}]},{\"@type\":\"WebSite\",\"@id\":\"https:\/\/www.institutafriquemonde.org\/#website\",\"url\":\"https:\/\/www.institutafriquemonde.org\/\",\"name\":\"Institut Afrique Monde\",\"description\":\"&quot;L&#039;audace, unique d\u00e9fi pour une Afrique nouvelle&quot;\",\"publisher\":{\"@id\":\"https:\/\/www.institutafriquemonde.org\/#organization\"},\"potentialAction\":[{\"@type\":\"SearchAction\",\"target\":{\"@type\":\"EntryPoint\",\"urlTemplate\":\"https:\/\/www.institutafriquemonde.org\/?s={search_term_string}\"},\"query-input\":{\"@type\":\"PropertyValueSpecification\",\"valueRequired\":true,\"valueName\":\"search_term_string\"}}],\"inLanguage\":\"fr-FR\"},{\"@type\":\"Organization\",\"@id\":\"https:\/\/www.institutafriquemonde.org\/#organization\",\"name\":\"Institut Afrique Monde\",\"url\":\"https:\/\/www.institutafriquemonde.org\/\",\"logo\":{\"@type\":\"ImageObject\",\"inLanguage\":\"fr-FR\",\"@id\":\"https:\/\/www.institutafriquemonde.org\/#\/schema\/logo\/image\/\",\"url\":\"https:\/\/www.institutafriquemonde.org\/wp-content\/uploads\/2019\/09\/LogoIAM_225x140.png\",\"contentUrl\":\"https:\/\/www.institutafriquemonde.org\/wp-content\/uploads\/2019\/09\/LogoIAM_225x140.png\",\"width\":204,\"height\":140,\"caption\":\"Institut Afrique Monde\"},\"image\":{\"@id\":\"https:\/\/www.institutafriquemonde.org\/#\/schema\/logo\/image\/\"}}]}<\/script>\n<!-- \/ Yoast SEO plugin. -->","yoast_head_json":{"title":"Textes Fondateurs - Institut Afrique Monde","robots":{"index":"index","follow":"follow","max-snippet":"max-snippet:-1","max-image-preview":"max-image-preview:large","max-video-preview":"max-video-preview:-1"},"canonical":"https:\/\/www.institutafriquemonde.org\/index.php\/textes-fondateurs\/","og_locale":"fr_FR","og_type":"article","og_title":"Textes Fondateurs - Institut Afrique Monde","og_description":"L&rsquo;Institut Afrique Monde est une association de Loi 1901 cr\u00e9\u00e9e le 20 Octobre 2013. Vous trouverez ci-dessous les derniers statuts approuv\u00e9s en assembl\u00e9e g\u00e9n\u00e9rale. Elle est d\u00e9clar\u00e9e \u00e0 la Pr\u00e9fecture de Police sous le num\u00e9ro W751221703. Charte de l\u2019IAM Statuts de l\u2019IAM R\u00e8glement int\u00e9rieur &nbsp;","og_url":"https:\/\/www.institutafriquemonde.org\/index.php\/textes-fondateurs\/","og_site_name":"Institut Afrique Monde","article_modified_time":"2020-03-19T11:52:17+00:00","twitter_card":"summary_large_image","schema":{"@context":"https:\/\/schema.org","@graph":[{"@type":"WebPage","@id":"https:\/\/www.institutafriquemonde.org\/index.php\/textes-fondateurs\/","url":"https:\/\/www.institutafriquemonde.org\/index.php\/textes-fondateurs\/","name":"Textes Fondateurs - Institut Afrique Monde","isPartOf":{"@id":"https:\/\/www.institutafriquemonde.org\/#website"},"datePublished":"2019-04-11T10:27:58+00:00","dateModified":"2020-03-19T11:52:17+00:00","breadcrumb":{"@id":"https:\/\/www.institutafriquemonde.org\/index.php\/textes-fondateurs\/#breadcrumb"},"inLanguage":"fr-FR","potentialAction":[{"@type":"ReadAction","target":["https:\/\/www.institutafriquemonde.org\/index.php\/textes-fondateurs\/"]}]},{"@type":"BreadcrumbList","@id":"https:\/\/www.institutafriquemonde.org\/index.php\/textes-fondateurs\/#breadcrumb","itemListElement":[{"@type":"ListItem","position":1,"name":"Accueil","item":"https:\/\/www.institutafriquemonde.org\/"},{"@type":"ListItem","position":2,"name":"Textes Fondateurs"}]},{"@type":"WebSite","@id":"https:\/\/www.institutafriquemonde.org\/#website","url":"https:\/\/www.institutafriquemonde.org\/","name":"Institut Afrique Monde","description":"&quot;L&#039;audace, unique d\u00e9fi pour une Afrique nouvelle&quot;","publisher":{"@id":"https:\/\/www.institutafriquemonde.org\/#organization"},"potentialAction":[{"@type":"SearchAction","target":{"@type":"EntryPoint","urlTemplate":"https:\/\/www.institutafriquemonde.org\/?s={search_term_string}"},"query-input":{"@type":"PropertyValueSpecification","valueRequired":true,"valueName":"search_term_string"}}],"inLanguage":"fr-FR"},{"@type":"Organization","@id":"https:\/\/www.institutafriquemonde.org\/#organization","name":"Institut Afrique Monde","url":"https:\/\/www.institutafriquemonde.org\/","logo":{"@type":"ImageObject","inLanguage":"fr-FR","@id":"https:\/\/www.institutafriquemonde.org\/#\/schema\/logo\/image\/","url":"https:\/\/www.institutafriquemonde.org\/wp-content\/uploads\/2019\/09\/LogoIAM_225x140.png","contentUrl":"https:\/\/www.institutafriquemonde.org\/wp-content\/uploads\/2019\/09\/LogoIAM_225x140.png","width":204,"height":140,"caption":"Institut Afrique Monde"},"image":{"@id":"https:\/\/www.institutafriquemonde.org\/#\/schema\/logo\/image\/"}}]}},"_links":{"self":[{"href":"https:\/\/www.institutafriquemonde.org\/index.php\/wp-json\/wp\/v2\/pages\/23","targetHints":{"allow":["GET"]}}],"collection":[{"href":"https:\/\/www.institutafriquemonde.org\/index.php\/wp-json\/wp\/v2\/pages"}],"about":[{"href":"https:\/\/www.institutafriquemonde.org\/index.php\/wp-json\/wp\/v2\/types\/page"}],"author":[{"embeddable":true,"href":"https:\/\/www.institutafriquemonde.org\/index.php\/wp-json\/wp\/v2\/users\/1"}],"replies":[{"embeddable":true,"href":"https:\/\/www.institutafriquemonde.org\/index.php\/wp-json\/wp\/v2\/comments?post=23"}],"version-history":[{"count":8,"href":"https:\/\/www.institutafriquemonde.org\/index.php\/wp-json\/wp\/v2\/pages\/23\/revisions"}],"predecessor-version":[{"id":1437,"href":"https:\/\/www.institutafriquemonde.org\/index.php\/wp-json\/wp\/v2\/pages\/23\/revisions\/1437"}],"wp:attachment":[{"href":"https:\/\/www.institutafriquemonde.org\/index.php\/wp-json\/wp\/v2\/media?parent=23"}],"curies":[{"name":"wp","href":"https:\/\/api.w.org\/{rel}","templated":true}]}}