{"id":58,"date":"2019-04-11T13:28:10","date_gmt":"2019-04-11T11:28:10","guid":{"rendered":"http:\/\/www.institutafriquemonde.org\/?page_id=58"},"modified":"2021-01-18T14:07:52","modified_gmt":"2021-01-18T13:07:52","slug":"developpement-international-gouvernance-publique-privee-financements","status":"publish","type":"page","link":"https:\/\/www.institutafriquemonde.org\/index.php\/les-poles\/developpement-international-gouvernance-publique-privee-financements\/","title":{"rendered":"D\u00e9veloppement international, gouvernance publique et priv\u00e9e &#038; financements"},"content":{"rendered":"<p>L\u2019objectif de ce p\u00f4le doit \u00eatre de nourrir les r\u00e9flexions sur les pistes de d\u00e9veloppement \u00e9conomique, social et culturel de l\u2019Afrique. Il appartient \u00e0 l\u2019Afrique de d\u00e9velopper ses propres mod\u00e8les, le cas \u00e9ch\u00e9ant en tirant toutes les le\u00e7ons des difficult\u00e9s rencontr\u00e9es par les mod\u00e8les de d\u00e9veloppement mis en \u0153uvre par l\u2019Occident depuis la r\u00e9volution industrielle (creusement des in\u00e9galit\u00e9s sociales, impasse \u00e9cologique d\u2019un mod\u00e8le de soci\u00e9t\u00e9 fond\u00e9e sur la consommation etc.). La r\u00e9volution num\u00e9rique, la croissance d\u00e9mographique, la mondialisation et les caract\u00e9ristiques propres au Continent lui imposent de changer de paradigme. Naturellement, la question de la gouvernance en Afrique, tant sur le plan politique qu\u2019\u00e9conomique devra \u00eatre abord\u00e9e et bien que cela ne figure pas express\u00e9ment dans l\u2019intitul\u00e9 du p\u00f4le, il appartiendra \u00e9galement \u00e0 celui-ci d\u2019examiner et de mettre encore plus clairement en \u00e9vidence les liens entre le d\u00e9veloppement et la paix.<\/p>\n<p><strong>Responsable:<\/strong> Olivier Cuperlier &#8211; assist\u00e9 de Hongbing Yang<\/p>\n<p><strong>Membres:<\/strong> Manga Kuoh, Claude Musavyi, Amana priso Lyna-Laure&nbsp;<\/p>\n","protected":false},"excerpt":{"rendered":"<p>L\u2019objectif de ce p\u00f4le doit \u00eatre de nourrir les r\u00e9flexions sur les pistes de d\u00e9veloppement \u00e9conomique, social et culturel de l\u2019Afrique. Il appartient \u00e0 l\u2019Afrique de d\u00e9velopper ses propres mod\u00e8les, le cas \u00e9ch\u00e9ant en tirant toutes les le\u00e7ons des difficult\u00e9s rencontr\u00e9es par les mod\u00e8les de d\u00e9veloppement mis en \u0153uvre par l\u2019Occident depuis la r\u00e9volution industrielle [&hellip;]<\/p>\n","protected":false},"author":1,"featured_media":520,"parent":248,"menu_order":0,"comment_status":"closed","ping_status":"closed","template":"","meta":{"ngg_post_thumbnail":0,"footnotes":""},"class_list":["post-58","page","type-page","status-publish","has-post-thumbnail","hentry","post"],"yoast_head":"<!-- This site is optimized with the Yoast SEO plugin v26.1.1 - https:\/\/yoast.com\/wordpress\/plugins\/seo\/ -->\n<title>D\u00e9veloppement international, gouvernance publique et priv\u00e9e &amp; financements - Institut Afrique Monde<\/title>\n<meta name=\"description\" content=\"L\u2019objectif de ce p\u00f4le doit \u00eatre de nourrir les r\u00e9flexions sur les pistes de d\u00e9veloppement \u00e9conomique, social et culturel de l\u2019Afrique. Il appartient \u00e0 l\u2019Afrique de d\u00e9velopper ses propres mod\u00e8les, le cas \u00e9ch\u00e9ant en tirant toutes les le\u00e7ons des difficult\u00e9s rencontr\u00e9es par les mod\u00e8les de d\u00e9veloppement mis en \u0153uvre par l\u2019Occident depuis la r\u00e9volution industrielle\" \/>\n<meta name=\"robots\" content=\"index, follow, max-snippet:-1, max-image-preview:large, max-video-preview:-1\" \/>\n<link rel=\"canonical\" href=\"https:\/\/www.institutafriquemonde.org\/index.php\/les-poles\/developpement-international-gouvernance-publique-privee-financements\/\" \/>\n<meta property=\"og:locale\" content=\"fr_FR\" \/>\n<meta property=\"og:type\" content=\"article\" \/>\n<meta property=\"og:title\" content=\"D\u00e9veloppement international, gouvernance publique et priv\u00e9e &amp; financements - Institut Afrique Monde\" \/>\n<meta property=\"og:description\" content=\"L\u2019objectif de ce p\u00f4le doit \u00eatre de nourrir les r\u00e9flexions sur les pistes de d\u00e9veloppement \u00e9conomique, social et culturel de l\u2019Afrique. Il appartient \u00e0 l\u2019Afrique de d\u00e9velopper ses propres mod\u00e8les, le cas \u00e9ch\u00e9ant en tirant toutes les le\u00e7ons des difficult\u00e9s rencontr\u00e9es par les mod\u00e8les de d\u00e9veloppement mis en \u0153uvre par l\u2019Occident depuis la r\u00e9volution industrielle\" \/>\n<meta property=\"og:url\" content=\"https:\/\/www.institutafriquemonde.org\/index.php\/les-poles\/developpement-international-gouvernance-publique-privee-financements\/\" \/>\n<meta property=\"og:site_name\" content=\"Institut Afrique Monde\" \/>\n<meta property=\"article:modified_time\" content=\"2021-01-18T13:07:52+00:00\" \/>\n<meta property=\"og:image\" content=\"https:\/\/www.institutafriquemonde.org\/wp-content\/uploads\/2019\/09\/shaking-hands-3205463_960_720.jpg\" \/>\n\t<meta property=\"og:image:width\" content=\"960\" \/>\n\t<meta property=\"og:image:height\" content=\"640\" \/>\n\t<meta property=\"og:image:type\" content=\"image\/jpeg\" \/>\n<meta name=\"twitter:card\" content=\"summary_large_image\" \/>\n<meta name=\"twitter:label1\" content=\"Dur\u00e9e de lecture estim\u00e9e\" \/>\n\t<meta name=\"twitter:data1\" content=\"1 minute\" \/>\n<script type=\"application\/ld+json\" class=\"yoast-schema-graph\">{\"@context\":\"https:\/\/schema.org\",\"@graph\":[{\"@type\":\"WebPage\",\"@id\":\"https:\/\/www.institutafriquemonde.org\/index.php\/les-poles\/developpement-international-gouvernance-publique-privee-financements\/\",\"url\":\"https:\/\/www.institutafriquemonde.org\/index.php\/les-poles\/developpement-international-gouvernance-publique-privee-financements\/\",\"name\":\"D\u00e9veloppement international, gouvernance publique et priv\u00e9e & financements - Institut Afrique Monde\",\"isPartOf\":{\"@id\":\"https:\/\/www.institutafriquemonde.org\/#website\"},\"primaryImageOfPage\":{\"@id\":\"https:\/\/www.institutafriquemonde.org\/index.php\/les-poles\/developpement-international-gouvernance-publique-privee-financements\/#primaryimage\"},\"image\":{\"@id\":\"https:\/\/www.institutafriquemonde.org\/index.php\/les-poles\/developpement-international-gouvernance-publique-privee-financements\/#primaryimage\"},\"thumbnailUrl\":\"https:\/\/www.institutafriquemonde.org\/wp-content\/uploads\/2019\/09\/shaking-hands-3205463_960_720.jpg\",\"datePublished\":\"2019-04-11T11:28:10+00:00\",\"dateModified\":\"2021-01-18T13:07:52+00:00\",\"description\":\"L\u2019objectif de ce p\u00f4le doit \u00eatre de nourrir les r\u00e9flexions sur les pistes de d\u00e9veloppement \u00e9conomique, social et culturel de l\u2019Afrique. Il appartient \u00e0 l\u2019Afrique de d\u00e9velopper ses propres mod\u00e8les, le cas \u00e9ch\u00e9ant en tirant toutes les le\u00e7ons des difficult\u00e9s rencontr\u00e9es par les mod\u00e8les de d\u00e9veloppement mis en \u0153uvre par l\u2019Occident depuis la r\u00e9volution industrielle\",\"breadcrumb\":{\"@id\":\"https:\/\/www.institutafriquemonde.org\/index.php\/les-poles\/developpement-international-gouvernance-publique-privee-financements\/#breadcrumb\"},\"inLanguage\":\"fr-FR\",\"potentialAction\":[{\"@type\":\"ReadAction\",\"target\":[\"https:\/\/www.institutafriquemonde.org\/index.php\/les-poles\/developpement-international-gouvernance-publique-privee-financements\/\"]}]},{\"@type\":\"ImageObject\",\"inLanguage\":\"fr-FR\",\"@id\":\"https:\/\/www.institutafriquemonde.org\/index.php\/les-poles\/developpement-international-gouvernance-publique-privee-financements\/#primaryimage\",\"url\":\"https:\/\/www.institutafriquemonde.org\/wp-content\/uploads\/2019\/09\/shaking-hands-3205463_960_720.jpg\",\"contentUrl\":\"https:\/\/www.institutafriquemonde.org\/wp-content\/uploads\/2019\/09\/shaking-hands-3205463_960_720.jpg\",\"width\":960,\"height\":640},{\"@type\":\"BreadcrumbList\",\"@id\":\"https:\/\/www.institutafriquemonde.org\/index.php\/les-poles\/developpement-international-gouvernance-publique-privee-financements\/#breadcrumb\",\"itemListElement\":[{\"@type\":\"ListItem\",\"position\":1,\"name\":\"Accueil\",\"item\":\"https:\/\/www.institutafriquemonde.org\/\"},{\"@type\":\"ListItem\",\"position\":2,\"name\":\"Les P\u00f4les\",\"item\":\"https:\/\/www.institutafriquemonde.org\/index.php\/les-poles\/\"},{\"@type\":\"ListItem\",\"position\":3,\"name\":\"D\u00e9veloppement international, gouvernance publique et priv\u00e9e &#038; financements\"}]},{\"@type\":\"WebSite\",\"@id\":\"https:\/\/www.institutafriquemonde.org\/#website\",\"url\":\"https:\/\/www.institutafriquemonde.org\/\",\"name\":\"Institut Afrique Monde\",\"description\":\"&quot;L&#039;audace, unique d\u00e9fi pour une Afrique nouvelle&quot;\",\"publisher\":{\"@id\":\"https:\/\/www.institutafriquemonde.org\/#organization\"},\"potentialAction\":[{\"@type\":\"SearchAction\",\"target\":{\"@type\":\"EntryPoint\",\"urlTemplate\":\"https:\/\/www.institutafriquemonde.org\/?s={search_term_string}\"},\"query-input\":{\"@type\":\"PropertyValueSpecification\",\"valueRequired\":true,\"valueName\":\"search_term_string\"}}],\"inLanguage\":\"fr-FR\"},{\"@type\":\"Organization\",\"@id\":\"https:\/\/www.institutafriquemonde.org\/#organization\",\"name\":\"Institut Afrique Monde\",\"url\":\"https:\/\/www.institutafriquemonde.org\/\",\"logo\":{\"@type\":\"ImageObject\",\"inLanguage\":\"fr-FR\",\"@id\":\"https:\/\/www.institutafriquemonde.org\/#\/schema\/logo\/image\/\",\"url\":\"https:\/\/www.institutafriquemonde.org\/wp-content\/uploads\/2019\/09\/LogoIAM_225x140.png\",\"contentUrl\":\"https:\/\/www.institutafriquemonde.org\/wp-content\/uploads\/2019\/09\/LogoIAM_225x140.png\",\"width\":204,\"height\":140,\"caption\":\"Institut Afrique Monde\"},\"image\":{\"@id\":\"https:\/\/www.institutafriquemonde.org\/#\/schema\/logo\/image\/\"}}]}<\/script>\n<!-- \/ Yoast SEO plugin. -->","yoast_head_json":{"title":"D\u00e9veloppement international, gouvernance publique et priv\u00e9e & financements - Institut Afrique Monde","description":"L\u2019objectif de ce p\u00f4le doit \u00eatre de nourrir les r\u00e9flexions sur les pistes de d\u00e9veloppement \u00e9conomique, social et culturel de l\u2019Afrique. Il appartient \u00e0 l\u2019Afrique de d\u00e9velopper ses propres mod\u00e8les, le cas \u00e9ch\u00e9ant en tirant toutes les le\u00e7ons des difficult\u00e9s rencontr\u00e9es par les mod\u00e8les de d\u00e9veloppement mis en \u0153uvre par l\u2019Occident depuis la r\u00e9volution industrielle","robots":{"index":"index","follow":"follow","max-snippet":"max-snippet:-1","max-image-preview":"max-image-preview:large","max-video-preview":"max-video-preview:-1"},"canonical":"https:\/\/www.institutafriquemonde.org\/index.php\/les-poles\/developpement-international-gouvernance-publique-privee-financements\/","og_locale":"fr_FR","og_type":"article","og_title":"D\u00e9veloppement international, gouvernance publique et priv\u00e9e & financements - Institut Afrique Monde","og_description":"L\u2019objectif de ce p\u00f4le doit \u00eatre de nourrir les r\u00e9flexions sur les pistes de d\u00e9veloppement \u00e9conomique, social et culturel de l\u2019Afrique. Il appartient \u00e0 l\u2019Afrique de d\u00e9velopper ses propres mod\u00e8les, le cas \u00e9ch\u00e9ant en tirant toutes les le\u00e7ons des difficult\u00e9s rencontr\u00e9es par les mod\u00e8les de d\u00e9veloppement mis en \u0153uvre par l\u2019Occident depuis la r\u00e9volution industrielle","og_url":"https:\/\/www.institutafriquemonde.org\/index.php\/les-poles\/developpement-international-gouvernance-publique-privee-financements\/","og_site_name":"Institut Afrique Monde","article_modified_time":"2021-01-18T13:07:52+00:00","og_image":[{"width":960,"height":640,"url":"https:\/\/www.institutafriquemonde.org\/wp-content\/uploads\/2019\/09\/shaking-hands-3205463_960_720.jpg","type":"image\/jpeg"}],"twitter_card":"summary_large_image","twitter_misc":{"Dur\u00e9e de lecture estim\u00e9e":"1 minute"},"schema":{"@context":"https:\/\/schema.org","@graph":[{"@type":"WebPage","@id":"https:\/\/www.institutafriquemonde.org\/index.php\/les-poles\/developpement-international-gouvernance-publique-privee-financements\/","url":"https:\/\/www.institutafriquemonde.org\/index.php\/les-poles\/developpement-international-gouvernance-publique-privee-financements\/","name":"D\u00e9veloppement international, gouvernance publique et priv\u00e9e & financements - Institut Afrique Monde","isPartOf":{"@id":"https:\/\/www.institutafriquemonde.org\/#website"},"primaryImageOfPage":{"@id":"https:\/\/www.institutafriquemonde.org\/index.php\/les-poles\/developpement-international-gouvernance-publique-privee-financements\/#primaryimage"},"image":{"@id":"https:\/\/www.institutafriquemonde.org\/index.php\/les-poles\/developpement-international-gouvernance-publique-privee-financements\/#primaryimage"},"thumbnailUrl":"https:\/\/www.institutafriquemonde.org\/wp-content\/uploads\/2019\/09\/shaking-hands-3205463_960_720.jpg","datePublished":"2019-04-11T11:28:10+00:00","dateModified":"2021-01-18T13:07:52+00:00","description":"L\u2019objectif de ce p\u00f4le doit \u00eatre de nourrir les r\u00e9flexions sur les pistes de d\u00e9veloppement \u00e9conomique, social et culturel de l\u2019Afrique. Il appartient \u00e0 l\u2019Afrique de d\u00e9velopper ses propres mod\u00e8les, le cas \u00e9ch\u00e9ant en tirant toutes les le\u00e7ons des difficult\u00e9s rencontr\u00e9es par les mod\u00e8les de d\u00e9veloppement mis en \u0153uvre par l\u2019Occident depuis la r\u00e9volution industrielle","breadcrumb":{"@id":"https:\/\/www.institutafriquemonde.org\/index.php\/les-poles\/developpement-international-gouvernance-publique-privee-financements\/#breadcrumb"},"inLanguage":"fr-FR","potentialAction":[{"@type":"ReadAction","target":["https:\/\/www.institutafriquemonde.org\/index.php\/les-poles\/developpement-international-gouvernance-publique-privee-financements\/"]}]},{"@type":"ImageObject","inLanguage":"fr-FR","@id":"https:\/\/www.institutafriquemonde.org\/index.php\/les-poles\/developpement-international-gouvernance-publique-privee-financements\/#primaryimage","url":"https:\/\/www.institutafriquemonde.org\/wp-content\/uploads\/2019\/09\/shaking-hands-3205463_960_720.jpg","contentUrl":"https:\/\/www.institutafriquemonde.org\/wp-content\/uploads\/2019\/09\/shaking-hands-3205463_960_720.jpg","width":960,"height":640},{"@type":"BreadcrumbList","@id":"https:\/\/www.institutafriquemonde.org\/index.php\/les-poles\/developpement-international-gouvernance-publique-privee-financements\/#breadcrumb","itemListElement":[{"@type":"ListItem","position":1,"name":"Accueil","item":"https:\/\/www.institutafriquemonde.org\/"},{"@type":"ListItem","position":2,"name":"Les P\u00f4les","item":"https:\/\/www.institutafriquemonde.org\/index.php\/les-poles\/"},{"@type":"ListItem","position":3,"name":"D\u00e9veloppement international, gouvernance publique et priv\u00e9e &#038; financements"}]},{"@type":"WebSite","@id":"https:\/\/www.institutafriquemonde.org\/#website","url":"https:\/\/www.institutafriquemonde.org\/","name":"Institut Afrique Monde","description":"&quot;L&#039;audace, unique d\u00e9fi pour une Afrique nouvelle&quot;","publisher":{"@id":"https:\/\/www.institutafriquemonde.org\/#organization"},"potentialAction":[{"@type":"SearchAction","target":{"@type":"EntryPoint","urlTemplate":"https:\/\/www.institutafriquemonde.org\/?s={search_term_string}"},"query-input":{"@type":"PropertyValueSpecification","valueRequired":true,"valueName":"search_term_string"}}],"inLanguage":"fr-FR"},{"@type":"Organization","@id":"https:\/\/www.institutafriquemonde.org\/#organization","name":"Institut Afrique Monde","url":"https:\/\/www.institutafriquemonde.org\/","logo":{"@type":"ImageObject","inLanguage":"fr-FR","@id":"https:\/\/www.institutafriquemonde.org\/#\/schema\/logo\/image\/","url":"https:\/\/www.institutafriquemonde.org\/wp-content\/uploads\/2019\/09\/LogoIAM_225x140.png","contentUrl":"https:\/\/www.institutafriquemonde.org\/wp-content\/uploads\/2019\/09\/LogoIAM_225x140.png","width":204,"height":140,"caption":"Institut Afrique Monde"},"image":{"@id":"https:\/\/www.institutafriquemonde.org\/#\/schema\/logo\/image\/"}}]}},"_links":{"self":[{"href":"https:\/\/www.institutafriquemonde.org\/index.php\/wp-json\/wp\/v2\/pages\/58","targetHints":{"allow":["GET"]}}],"collection":[{"href":"https:\/\/www.institutafriquemonde.org\/index.php\/wp-json\/wp\/v2\/pages"}],"about":[{"href":"https:\/\/www.institutafriquemonde.org\/index.php\/wp-json\/wp\/v2\/types\/page"}],"author":[{"embeddable":true,"href":"https:\/\/www.institutafriquemonde.org\/index.php\/wp-json\/wp\/v2\/users\/1"}],"replies":[{"embeddable":true,"href":"https:\/\/www.institutafriquemonde.org\/index.php\/wp-json\/wp\/v2\/comments?post=58"}],"version-history":[{"count":5,"href":"https:\/\/www.institutafriquemonde.org\/index.php\/wp-json\/wp\/v2\/pages\/58\/revisions"}],"predecessor-version":[{"id":1058,"href":"https:\/\/www.institutafriquemonde.org\/index.php\/wp-json\/wp\/v2\/pages\/58\/revisions\/1058"}],"up":[{"embeddable":true,"href":"https:\/\/www.institutafriquemonde.org\/index.php\/wp-json\/wp\/v2\/pages\/248"}],"wp:featuredmedia":[{"embeddable":true,"href":"https:\/\/www.institutafriquemonde.org\/index.php\/wp-json\/wp\/v2\/media\/520"}],"wp:attachment":[{"href":"https:\/\/www.institutafriquemonde.org\/index.php\/wp-json\/wp\/v2\/media?parent=58"}],"curies":[{"name":"wp","href":"https:\/\/api.w.org\/{rel}","templated":true}]}}